units digit of a?
9
Let o = -48 - -50. Suppose -4*q - 64 = -4*w, -2*q + q = 4*w + 26. What is the units digit of ((-6)/q)/(o/12)?
2
Let p = 592 - 35. What is the hundreds digit of p?
5
Let n = -1 + -5. Let l = 8 - n. Let x(s) = -s**2 + 17*s - 13. What is the tens digit of x(l)?
2
Let h = 23 - 71. Let n = h + 76. What is the units digit of n?
8
Let f(i) = i + 136. Let s be f(19). Suppose 2*k - 50 = -5*p - 3*k, 4*k = 5*p - 14. Suppose w - p*w = -s. What is the tens digit of w?
3
Let z be (21/6 - -2)/(1/(-10)). Let u = z + 128. What is the tens digit of u?
7
Let r be 3 + (-18)/5 + (-3)/(-5). Suppose -5*l - 8*l + 1404 = r. What is the hundreds digit of l?
1
Let f(x) = -4*x - 7. Let k be f(-6). Let b = k + 16. What is the tens digit of b?
3
Let d be 10/3*(-90)/25. Let s be d/(-66) + (-106)/(-22). Suppose 0 = 3*f - k + s*k - 24, -3*f + 27 = 5*k. What is the units digit of f?
4
Let d(g) = -4*g + 17. Let a be d(15). Let k = a - -108. What is the units digit of k?
5
Suppose k = 2*q + 13, -2*k + 32 = -3*q + 2*k. Let z(f) = -6 + 0 + 2 + 1 - 7*f. What is the tens digit of z(q)?
2
Suppose -3*p = -5*p + 30. What is the units digit of 9/(0 - (-5)/p)?
7
Suppose -13*q - 20 = -14*q - s, 3*q - 65 = -4*s. Suppose 0 = -5*a, l = -3*l - 4*a + 48. Suppose l*j + 201 = q*j. What is the tens digit of j?
6
What is the thousands digit of 34/(2514/(-4290) - (-9)/15)?
2
Let a(h) = h**2 - 11*h - 19. Let r be a(13). Suppose -j + 7 = -r. What is the units digit of (-744)/(-28) + 6/j?
7
Suppose 3*f - 107 = 85. Suppose -s + f = 13. What is the units digit of s?
1
Let w = 1254 - 669. What is the units digit of w?
5
Let x = 21 - 18. Suppose -z = 5*j - 359 + 79, -3*j = -x*z - 150. What is the units digit of j?
5
Suppose -2*v + 3*v = 0. Let m be 18/(-9) - 11*(-4 - -3). Suppose l + 4*s - 42 = v, 96 = 2*l + s - m. What is the tens digit of l?
5
Suppose -2*g - 21 = -5*f, -f = 3*f - g - 15. What is the units digit of (-294)/(-35)*((-150)/(-4))/f?
5
Let v = 61 - 33. Suppose -v = -m - 4*f - f, 5*m = 2*f + 275. What is the tens digit of m?
5
What is the units digit of (-90)/24*-66*2?
5
Let z = 78 + -110. Let u = z + 45. Suppose -5 = -u*a + 12*a. What is the units digit of a?
5
Let p = 6094 - 3060. What is the units digit of p?
4
Suppose -r + 3*c = -6*r + 357, 5*c = -4*r + 296. Suppose 0*m = -3*m + r. Let q = m + -7. What is the tens digit of q?
1
What is the units digit of (13/(429/22))/(2/2127)?
9
What is the hundreds digit of ((-636)/(-9))/((-4)/(-18))?
3
Let s(n) = -n**2 - 5*n. Let j be s(-4). Suppose -k = 3*o + j, -2*k + 2*o - 24 = -0*k. Let y(f) = -f + 8. What is the units digit of y(k)?
8
Suppose l = -3, -2*g + l = 3*l - 708. What is the hundreds digit of g?
3
Let w(c) = 39*c. Let i be w(1). Let m = 46 - i. What is the units digit of m?
7
Let c(v) = 25*v**2 + 5*v - 73. What is the hundreds digit of c(6)?
8
Let i = 10 + -16. What is the units digit of 1/i - (-523)/6?
7
Let r(d) = -4*d + 10. Let t(q) = 9*q - 19. Let f(o) = 5*r(o) + 2*t(o). Let y be f(6). Suppose u + 155 = 3*p - y*u, -p - 5*u = -41. What is the tens digit of p?
5
Let n = -12 + 17. Let y be (-158)/(-4) + n/10. What is the units digit of (y/(-48))/((-3)/90)?
5
Suppose -3*b + 515 + 379 = 0. What is the tens digit of b?
9
Suppose 3*q = 3*d - 53 - 4, -2*q - 2 = 0. Suppose -d - 129 = -s. What is the tens digit of s?
4
Let l(z) = -z**3 - z**2 + 406. What is the tens digit of l(0)?
0
Let z = -4 - -3. Let m be (23 - -2) + (-21)/(-7) + -5. Let g = m - z. What is the tens digit of g?
2
Let g(t) = -11*t + 6. Let d(h) be the second derivative of 5*h**3/3 - 5*h**2/2 + h. Let u(l) = -4*d(l) - 3*g(l). What is the tens digit of u(-2)?
1
Let y be (-1)/(-2) + 44/(-8). Let o = -7 - y. Let t = -1 - o. What is the units digit of t?
1
Let b = 25 + -21. Suppose 2*z - 3*o - 66 = 2*o, 0 = b*z - o - 168. What is the tens digit of z?
4
Let j be 2 - -3 - (6 + -3). Suppose 0 = 3*s + j*s - 20. Suppose 8*x - s*x = 20. What is the units digit of x?
5
Let c(f) be the third derivative of -f**4/24 + 5*f**3/2 - 7*f**2. What is the units digit of c(7)?
8
Suppose -7*x - 20 - 57 = 0. Let y(o) be the first derivative of -7*o**2/2 - 21*o + 4. What is the tens digit of y(x)?
5
What is the hundreds digit of ((-3)/(54/1644))/((-3)/9)?
2
Suppose -d + 228 + 81 = -5*h, -2*d + 678 = 5*h. Suppose d + 166 = 5*x. What is the tens digit of x?
9
Suppose 3*g = 4*v - 1096, 2*v = -v + 5*g + 811. What is the units digit of v?
7
Suppose 148 = n + 3*x, 60 = -2*x + 66. What is the tens digit of n?
3
Let h be 100/(-8)*12/(-10). What is the units digit of 8/(-12) + 3385/h?
5
Suppose 0*w = -4*r - 3*w + 4202, -3145 = -3*r + w. What is the units digit of r?
9
Let x be (-6 - 5)/((-2)/18*1). Suppose 2*q - x = -p, -4*q + 171 + 128 = 3*p. What is the hundreds digit of p?
1
Let n = 338 - 296. What is the units digit of n?
2
Suppose 139 = 2*d - 41. Suppose 0 = -2*a + y - 4 + 94, -4*y = 2*a - d. Suppose -2*v + a = 3*v. What is the units digit of v?
9
Let b(o) be the second derivative of -2*o**3/3 + 27*o**2/2 - 13*o. What is the units digit of b(-17)?
5
Let d be 9/(-6)*16/(-6). Let i be (-9 - (-18)/6)*1/(-2). Suppose -m + d*r - i*r + 22 = 0, 0 = -2*r. What is the units digit of m?
2
Suppose 46*c - 21726 = -5*c. What is the units digit of c?
6
Let t = 517 - 145. Let m = t - 142. What is the units digit of m?
0
What is the hundreds digit of ((-2930)/(-8) + 7/28)*2?
7
Let t = 43 - 38. Suppose -w - t*p = 21 - 60, 3*w - 187 = -p. What is the units digit of w?
4
Let k be 25/20 - 3/(-4). Suppose k*q = 13 + 61. What is the units digit of q?
7
Suppose 0 = -13*l + 4*l + 81. What is the tens digit of -4 + -12*l/(-6)?
1
What is the units digit of 6/3 - (-265 + -3 + 3)?
7
Suppose 4*n - n - 6 = 0. Suppose n*z - 6 = 2*h - 3*h, 3 = z + 3*h. Suppose -z*k = -k - 72. What is the tens digit of k?
3
Suppose -68*t + 30107 = -61*t. What is the units digit of t?
1
What is the units digit of 4616 + (-5)/10*-14?
3
Let g be 11/(-22)*-7*2. Let f = g + 139. Let v = f + -81. What is the tens digit of v?
6
Suppose -588 = -5*s - 4*g, -3*s - 2*g - g + 354 = 0. Let r = 26 - 22. Suppose 0 = -2*q + u + s, r*q - 2*u + 4*u = 216. What is the units digit of q?
6
Suppose -34 = 5*u - 1514. What is the tens digit of u?
9
Suppose -20254 = 335*w - 348*w. What is the thousands digit of w?
1
Let u(h) = h**3 + 6*h**2 + 3*h + 72. Let a be u(-7). Let d be (-4)/(-10)*(7 - 2). Suppose -d*r + 72 = 4*x, 4*x - 2*x - 72 = -a*r. What is the units digit of r?
6
Suppose 81 = 2*x + 3*t, x - 2*t - 37 = -0*t. Suppose -3*r + 8*f = 3*f - 41, 5*r - f = x. Suppose -r = -h - 0. What is the units digit of h?
7
Let i(f) = f**2 + f + 46. Let d = 43 - 31. Let r = d - 12. What is the units digit of i(r)?
6
Let o = 21 + -16. Let f be (-4)/(4/o) - -3. What is the units digit of (-15)/10 + (-59)/f?
8
Let k be 4 + (4 - (-304 + 2)). Suppose 13*v - k = 8*v. What is the units digit of v?
2
Let r(y) = y**2 - 9*y - 16. Let s be r(12). Suppose -2*g + 2 = -5*b - 1, s = 4*b. What is the units digit of g?
4
What is the thousands digit of 1*-1*(2 - -1) + 2919?
2
Suppose -1 = -2*v + 7. Suppose 32 = v*n + 12. Suppose 0 = -5*d - n*h - 0*h + 110, h - 130 = -5*d. What is the tens digit of d?
2
Let p(i) = 37*i**2 + 3*i - 2. Suppose -6*d + 8 = -2*d. Let v be p(d). Suppose -3*x - z = 2*x - 262, -v = -3*x + 2*z. What is the units digit of x?
2
Let p(s) = -s**3 - 5*s**2 + 16*s + 22. What is the units digit of p(-10)?
2
Let u = 37 + -37. What is the tens digit of 1/(-1)*-2 + (99 - u)?
0
Let a be -3*1 - (-321 + 3). Suppose 5*q - 75 = -x, 0 = 3*x + q - 4*q - a. What is the tens digit of x?
0
Let v(j) = j**3 + 9*j**2 - 6*j + 4. Let a be v(-7). Suppose 0*s + a = 4*f - 2*s, f - 5*s = 18. What is the units digit of f?
8
Let t = -73 + 107. Let g = t - 32. Suppose 5*v - 304 = -2*i - g*i, -2*i - 2*v + 150 = 0. What is the tens digit of i?
7
Suppose -56*x + 34*x = -50248. What is the tens digit of x?
8
Suppose b = 165 + 197. What is the units digit of b?
2
Let k(i) = -103*i**3 + 2*i + 1. Let u be k(-1). Suppose -7*v + u = -5*v. What is the tens digit of v?
5
Let n(i) = -i**3 - i**2 + 3*i - 14. Suppose 4*d + 2*d + 30 = 0. What is the units digit of n(d)?
1
Let n(j) = 3 + 5 - 1 - 2*j + 7 - j**3 - 4*j**2. Let w(d) = -d**3 + d**2 + d - 1. Let h(c) = n(c) - 2*w(c). What is the units digit of h(7)